 Let z = g - 8. Calculate q(z).
-3
Let i be (4/1 - 2)*-1. Let b(o) be the first derivative of o**4/4 - o**2/2 + 2*o + 2. Calculate b(i).
-4
Let q be (-8)/(-28) - (-346)/14. Suppose -2*w = 3*w - 4*g + 25, -2*g + q = -5*w. Let k(f) = f**2 + 5*f + 5. Calculate k(w).
5
Let i(n) = -n - 5. Suppose -2*l = 5*f - 26, -2 - 8 = -4*f + 2*l. Suppose -2 = -f*s - 10. Let a be -1 + -3 + s - -2. Determine i(a).
-1
Let c(u) = 4*u**2 - u - 7. Let g(v) = 3*v**2 - 7. Let z(d) = -2*c(d) + 3*g(d). Give z(-5).
8
Let v = -3 + 6. Let l(r) = 1 - 7 - r + 5. Let k(d) = -4*d - 3. Let t(y) = k(y) - 5*l(y). Determine t(v).
5
Suppose 3*l - 5*q + 5 = 0, 3*l + l + 5*q = 40. Let a(i) = i + 10. Let y be a(-8). Let d(n) = 6 - y + 0 - n. What is d(l)?
-1
Let b(z) = 58 - 2*z**2 - 28 - 34 + 4*z. Let r = -9 + 12. Calculate b(r).
-10
Let m(q) be the first derivative of q**4/4 - 2*q**3/3 - q**2 + 2*q + 1. Determine m(2).
-2
Let b(o) = -o + 6. Let p be b(6). Let l(t) = -2*t**3 - 3*t**2 + p*t + t**3 - t. Let h = 6 - 8. Determine l(h).
-2
Suppose 12 = -10*m - 78. Let k(g) = -g - 10. Determine k(m).
-1
Let m(q) = -4*q**3 - q**2 - q. Let l = -16 + 15. What is m(l)?
4
Let f(j) = j + 7. Let p(q) = 2*q**2 + 12*q + 10. Let k be p(-5). What is f(k)?
7
Let k(v) = -4*v**2 - 2*v**3 + v**3 + v + 1 - 2. Let a(x) = -3*x + 23. Let r be a(9). Give k(r).
-5
Let i(d) = -4*d**2 - 13*d + 16. Let q(j) = j**2 + 3*j - 4. Let y = -4 + 1. Let f be 2 - 3/(y/7). Let o(x) = f*q(x) + 2*i(x). Calculate o(0).
-4
Let i(k) = -k**2 - 5*k + 3. Let l = 6 + -11. Let p be 22/l + 2/5. Give i(p).
7
Let t(j) be the first derivative of 3*j - 2*j**2 - 4 + 4/3*j**3. Let a = 0 - -2. Calculate t(a).
11
Let s(a) = 5 + 0 + 1 - a. Let d be (-5)/20 + (-18)/(-8). Suppose c + c = 3*y - 19, -d*y = -2*c - 16. What is s(y)?
3
Let o(y) = -2*y**3 + 2*y**2 + y. Suppose -2*u - 3*u = 4*b + 29, 3*u + 15 = 0. Let f be o(b). Let n(i) = -f - 2 + 4 + 3*i. What is n(3)?
8
Let k = -7 + 10. Let r(q) = -q**2 - 3*q + 4. Determine r(k).
-14
Suppose 1 - 3 = 2*n. Let w = 0 + 3. Let q(p) = -1 - 3*p**2 - 2*p + w*p**3 + 2*p**2 + 0*p**2 + 0*p. Give q(n).
-3
Let t(w) = w**2 + w - 1. Let q(d) = -6*d**2 - 12*d + 7. Let f(m) = q(m) + 5*t(m). Calculate f(-7).
2
Let n(g) = -g**2 + g. Let i(m) = 5*m**2 - m + 2. Let t(o) = -i(o) - 6*n(o). Let p(s) = -3*s**2 + 15*s + 5. Let d(c) = 3*p(c) + 8*t(c). Give d(5).
-1
Suppose 2*o - 3 = 7. Let r(k) = 1 + k**2 - 7 - 10*k + 6*k. Give r(o).
-1
Let j(u) = -u - 4. Let i be 54/10 + (-15)/(-25). Determine j(i).
-10
Let a(h) be the third derivative of -h**6/120 - h**5/12 + 7*h**4/24 + 5*h**3/6 + 2*h**2. Let m be a(-6). Let r(v) = -v. Give r(m).
1
Suppose 2 - 8 = 2*i. Let j(f) = -f**2 + f + 2. Let o be j(2). Let l(q) = o*q - 4 - 2*q - q. Determine l(i).
5
Let n(x) = -3*x**3 - 3*x**2 - x + 3. Let p(i) = -7*i**3 - 5*i**2 - 2*i + 5. Let w(t) = -5*n(t) + 2*p(t). What is w(-4)?
7
Let m(r) = 11*r + 8. Let l(c) = -4*c - 3. Let x(h) = 17*l(h) + 6*m(h). Calculate x(4).
-11
Let j = 34 + -29. Let q(v) = -v**3 + 5*v**2 - 5. Calculate q(j).
-5
Let q(p) = p. Let z(x) = 1. Let u(i) = -q(i) + z(i). Suppose -r + 1 = -v + 7, -6 = 5*r + v. Give u(r).
3
Suppose -12*t + 7*t = 0. Let c(s) = s**2 + s - 9. Determine c(t).
-9
Let q(s) = -2*s - 7. Suppose -3*y = 3*w + 2*w, y - 2*w = -11. Give q(y).
3
Let h = 5 + -2. Let a(i) = -7*i**2 + 3*i - 3. Let b(m) = -3*m**2 + m - 1. Let y(j) = 4*a(j) - 9*b(j). Give y(h).
-3
Let i(c) be the second derivative of c**3/6 - 11*c**2/2 + c + 26. Determine i(0).
-11
Suppose 3*x - p = -25, 3*x + 45 = -p - 2*p. Let q(s) = -2*s - 8. Let a be q(-8). Let f = x + a. Let h(j) = -j. Give h(f).
2
Suppose 2*k - 8 = 0, -2*k = -5*y + 11 + 91. Suppose -r + 2 - y = -3*i, 4*i - 3*r = 30. Let a be (i/15)/(2/(-10)). Let c(h) = -2*h + 2. Calculate c(a).
6
Let z(p) = p**3 - 8*p**2 + 4*p + 4. Let i(s) = s**3 - 9*s**2 + 4*s + 5. Let j(f) = 3*i(f) - 4*z(f). What is j(4)?
-1
Let j(d) = 5*d**2 + 3*d + 3. Let s(i) = i**2 - i. Suppose -36 = -0*f - 3*f. Let o be (f/15)/((-2)/10). Let n(g) = o*s(g) + j(g). Determine n(-6).
-3
Let s(q) = 9 + 0 - q**2 - 1 - 4*q. What is s(-6)?
-4
Let d(q) = -5*q**3 + 8*q**2 + 7*q + 10. Let p(i) = -i**3 + i**2 + i + 1. Let r(l) = d(l) - 4*p(l). What is r(5)?
-4
Let d(l) = -l**2 + l + 4. Suppose 2*n = -1 + 9. Let p(g) = g + 5. Let w be ((-10)/(-30))/(2/(-30)). Let h(x) = n*p(x) + w*d(x). Determine h(1).
4
Let c(o) be the first derivative of -o**3/3 - o**2 + 7*o - 4. Give c(-6).
-17
Let o(t) = t**3 + 20*t**2 - 20*t + 28. Let k be o(-21). Let y(p) = p**2 - 6*p - 10. Give y(k).
-3
Let i(q) = -2*q - 2. Let h be i(-2). Let p(c) = c - 4*c + h*c - c - 3. Calculate p(-5).
7
Suppose 10*n - 19 = 5*n + f, -15 = -n + 3*f. Let q(v) = -v - 4 + 2 + n - 3. Give q(-6).
4
Suppose 24 = 4*c - 4*t, -t + 30 = 5*c + 2*t. Let g(p) = 2*p**2 - 4*p + 0*p + p**3 + c*p - 4 + 4*p**2. Calculate g(-5).
11
Suppose -2*t = -5*g + 56, 3*g + t = -0*t + 38. Let m = g + -12. Let k(v) = v**2 - 3. Determine k(m).
-3
Let k(s) = -6 + s**2 + 0*s**2 + 3*s + s. Suppose 5*r - 35 = 4*u, 4*u + 0*u + r + 17 = 0. Determine k(u).
-1
Let t(w) be the third derivative of w**6/120 + w**5/12 - w**3 + 20*w**2. Let f(d) = -d**3 - d - 2. Let u be f(0). Let h be 2 + -2*(-7)/u. What is t(h)?
-6
Let a(p) = 2 - 8*p**2 + 0 + 9*p + p**3 - 4. Let v(w) = 33*w**2 - 4*w**3 + 0 - w**3 + 7 + w**3 - 37*w. Let x(q) = 9*a(q) + 2*v(q). Give x(5).
6
Suppose -5*t - 2 = 3*a - 14, 0 = 5*t + 5*a - 10. Let v(f) = -2*f + 2*f**3 - 3*f**2 - f**t + 3*f + 3. Suppose -2*w - 31 = -37. Calculate v(w).
6
Let j = 12 - -3. Suppose -j = 3*o, v = -o - 12 - 2. Let x = v + 6. Let s(t) = t**2 + t. Give s(x).
6
Suppose -49 = -3*r + 11. Suppose -i = -6*i - 2*w + 37, 4*i = -4*w + r. Let p(o) = -o + 2*o + 2 - i. Determine p(0).
-7
Suppose -5*i - j - 37 = 0, -8*i + 3*j = -3*i + 29. Let d(z) = -z + 6. Calculate d(i).
13
Suppose x + 24 = -3*x. Let n(w) = 5*w**3 - 6*w**2 - 4. Let c = 42 + -31. Let g(k) = 9*k**3 - 12*k**2 - k - 7. Let m(s) = c*n(s) + x*g(s). Calculate m(-5).
-7
Suppose 5*u + 0*m - 3*m + 2 = 0, -4*m + 8 = -4*u. Let d(z) be the third derivative of 0*z - 1/3*z**3 - 2*z**2 + 0 + 1/6*z**4. Determine d(u).
6
Suppose r + 8 = 5*r. Suppose r*l = -0*l + 8. Let j(i) be the second derivative of i**5/20 - i**4/3 + i**3/6 - 2*i**2 + i. Calculate j(l).
0
Let y(v) be the third derivative of v**5/12 - v**3/6 - 11*v**2. Suppose 0*f = -2*f + 2. Determine y(f).
4
Let u(q) = 9*q - 2. Let p(x) = 4*x - 1. Let b(c) = 5*p(c) - 2*u(c). Let j = 1 + -1. Let h be (j + 1)*2*1. Calculate b(h).
3
Let b(a) = 2*a**2 + 6*a**2 + 5*a**2 + 6 - 12*a**2 + 4*a. Determine b(-4).
6
Let n be 99/21 + (-2)/(-7). Suppose 3*y - 3*c + 3 = -18, n*c - 17 = -4*y. Let a(h) = -h**3 - 3*h**2 - 3*h - 3. Determine a(y).
-1
Suppose u - 2 = f + 2, f = 5*u - 24. Let r(i) = i**2 - 5*i - 5. Give r(u).
-5
Let u(f) = -f**3 + 2*f**2 + 3*f + 1. Let v(r) = -r**3 + r**2 + 3*r + 1. Let i(k) = -3*u(k) + 4*v(k). Calculate i(-2).
-5
Let a(l) = -8*l**3 - 7*l**2 + 12*l + 5. Let o(j) = 3*j**3 + 2*j**2 - 4*j - 2. Let x(r) = -4*a(r) - 11*o(r). Determine x(5).
7
Let g(x) = 5*x**3 + 7*x**2 + 17. Let z(h) = 2*h**3 + 3*h**2 + 8. Let i(r) = -6*g(r) + 13*z(r). What is i(-2)?
22
Let o(c) be the third derivative of c**8/6720 + c**7/504 + c**6/360 + 7*c**5/120 - c**4/6 - 5*c**2. Let d(k) be the second derivative of o(k). What is d(-5)?
-3
Let d = 1 + 0. Let g be (-1)/d + 7/1. Let h(v) = -5*v**2 - 5*v - 7. Let m(p) = -p**3. Let r(j) = h(j) - m(j). Determine r(g).
-1
Suppose 2*v = -4 + 6. Let h(p) = -4 + 3 + v - 13*p. What is h(-1)?
13
Let a(k) = -2*k + 1. Let u be a(-2). Suppose -2*v = -u*v - 12. Let n(i) = -i**3 - 4*i**2 - 2*i + 1. Determine n(v).
9
Let p = 9 + -5. Let u(a) = -a**2 + 3*a - a**2 - p*a. What is u(2)?
-10
Let k(a) = 1 + 2*a - 2 - a. Suppose -4*n = -n. Let h be (1 - n)/(10/(-20)). Calculate k(h).
-3
Let b(l) = -15*l**3 + 3*l**2. Let r(w) = -5*w**3 + w**2. Let p(q) = -4*b(q) + 11*r(q). Give p(1).
4
Let l(c) = -c + 1. Let r(v) = -7*v + 14. Let n(d) = 6*l(d) - r(d). Let a = -1 - -7. Let o be n(a). Let b(s) = s - 2. Give b(o).
-4
Let o = 19 + -24. Let v(n) be the first derivative of n**5/120 - n**4/4 + 2*n**3/3 + 2. Let a(d) be the third derivative of v(d). What is a(o)?
-11
Let j(r) = -2 - 627*r + 631*r - 2. What is j(3)?
8
Let g(x) = 19*x**2 + 5*x + 2. Let n(y) = 39*y**2 + 11*y + 5. Let 